 = -4*p + 4, 3*g = -2*p + 10. Suppose g*h - 49*h + 1125 = 0. What is the remainder when 65 is divided by h?
15
Suppose 2*m + 2*k = 64, -3*m - 5*k + 3*k = -99. Suppose 6*a - 191 = -m. What is the remainder when 518 is divided by a?
24
Let q = 9744 + -9669. Suppose 3*p - 2*p - 4*a = 518, 0 = 3*p - 2*a - 1564. Calculate the remainder when p is divided by q.
72
Suppose 49*q + 29530 = 7970. What is the remainder when 43 is divided by 6/(-20) - 4092/q?
7
Let a(v) = v**3 + 57*v**2 - 254*v - 9. Calculate the remainder when a(5) is divided by -3 - -2 - 0 - -18.
16
Let n = 3363 + -3341. What is the remainder when 452 is divided by n?
12
Let j = 34078 - 34054. Suppose 2*z - 160 = -f, 2*f + 3*z = 212 + 110. What is the remainder when f is divided by j?
20
Let c = -318 - -306. Calculate the remainder when 52 is divided by (-2)/(-3) - -2*(-62)/c.
8
Suppose -107*t = 136*t - 2234029 + 387472. Calculate the remainder when t is divided by 25.
24
Let m = 167212 - 167147. Suppose 0*v + 64 = 2*v. What is the remainder when m is divided by v?
1
Let m = 62 + -29. Suppose 3*o - l - 90 = 0, 3*o + 6*l = 3*l + 78. Suppose 24*t - 245 = -o. What is the remainder when m is divided by t?
6
Suppose 168 - 7 = -7*q. Let s(x) = 2*x**2 + 37*x - 30. What is the remainder when s(q) is divided by 45?
42
Let a = -8886 - -8917. What is the remainder when 520 is divided by a?
24
Let d = -6 + 3. Let x(u) = -2*u**3 - 3*u - 12. Let h be x(d). Suppose 4*s - h = w + 14, -70 = -3*s + 5*w. What is the remainder when 41 is divided by s?
11
Suppose -y - 145 = -4*m, 0 = -5*m + 2*y + 122 + 60. Suppose 4*r = -5*v - m, -2*v - 2*r = r + 20. Calculate the remainder when 1 + v + -8 + 23 is divided by 3.
0
Let h(i) = -9*i**2 + 858*i + 17. What is the remainder when h(95) is divided by 9?
5
Let v(k) = 2*k**2 + 6*k - 7. Suppose -652*x + 34833 = -21566 + 8803. What is the remainder when x is divided by v(-6)?
15
Let x be -4 + 14/4 - (-178)/4. Suppose -x = -3*l - 4*i, 4*l - l - 5*i = 26. What is the remainder when 2/3 + 1300/39 is divided by l?
10
Let z = -2511 + 2591. Calculate the remainder when 1029 is divided by z.
69
Let j be 405/6 - 160/64. Suppose -j*k + 76*k - 671 = 0. Calculate the remainder when k is divided by ((-1)/(-2))/((-2)/(-52)).
9
Let w(a) = -a**3 - 4*a**2 - 3*a + 7. Let g(n) = 14*n + 26. Let t be g(0). Suppose -346 + t = -16*l. What is the remainder when w(-6) is divided by l?
17
Let l = 14 - -2. Let s(b) = -2*b**3 - 517*b**2 - 904*b - 34176. What is the remainder when l is divided by s(-257)?
1
Suppose -2*z - 7 = -3*k - z, 9 = 5*k - 3*z. What is the remainder when (-81)/(-2) - k/(-2) is divided by 265/25 + (-4)/(-10)?
9
Suppose 6*b - 3*b - 102 = 0. Suppose -543 - 2872 = -51*z + 3470. Calculate the remainder when z is divided by b.
33
What is the remainder when 360 is divided by -12*(0 - 7/21) + (-44)/(-2)?
22
Let b = 12625 - 12501. What is the remainder when 219 is divided by b?
95
Calculate the remainder when (-43 + (-13)/(117/36))*-17 is divided by 216.
151
Suppose -7016 = 15*s - 32336. Suppose 0 = -2*z + 2*a + 1132, a + s = 6*z - 3*z. Suppose 7*q - z = -1. Calculate the remainder when q is divided by 41.
39
Let c = 5923 + 3116. Calculate the remainder when c is divided by 3010.
9
Suppose -5*h = -39 - 121. Calculate the remainder when 6/9 + (-22875)/(-45) is divided by h.
29
Suppose -2*s - 2*t - 26 = 0, -2 = -3*t + 2*t. Let y = 1493 - 1473. Calculate the remainder when 48*(2 - s/(-12)) is divided by y.
16
Let i = -16 + 34. Suppose -5*f - 4*q = -f - 204, -f = -4*q - 61. What is the remainder when f is divided by i?
17
Let p = 5120 + -5051. What is the remainder when 97 is divided by p?
28
Let g = 5791 + -5706. Calculate the remainder when 3226 is divided by g.
81
Let r = 2 - -5. Let z(n) = 2*n**2 - 9*n - 8. Suppose -u = -4*m + 8*m - 24, 47 = 5*m - 3*u. What is the remainder when z(r) is divided by m?
6
Let w = -5220 + 5245. Calculate the remainder when 211 is divided by w.
11
Let g(s) = s**3 + 10*s**2 - s + 12. Suppose -t + 5*t + 444 = -3*p, -2*t - 232 = -p. Let r = 140 + t. Calculate the remainder when g(-9) is divided by r.
24
What is the remainder when (-36 - -67 - 30)*6235*1 is divided by 2075?
10
Let g(d) = 16*d - 279. Let z be g(-16). Let b = 549 + z. Suppose 12 = 3*a - 3. Calculate the remainder when b is divided by a.
4
Let t = 5612 + -5608. Calculate the remainder when 1371 is divided by t.
3
Let b(d) = -d**3 - 8*d**2 - 8*d + 8. Let j = 25321 + -36280. What is the remainder when (j/130)/(-3) + (-1)/10 is divided by b(-7)?
13
Let j = 24 - 12. Let d be (-41 - -11)*(2 - -2). Calculate the remainder when ((192/10)/2)/(d/(-400)) is divided by j.
8
Suppose 4*s = 3*j - 27, 5*j + s - 36 = j. Calculate the remainder when -52 + 45 - (-6 + 4)*219/6 is divided by j.
3
What is the remainder when 14 is divided by -7 + (-222)/37 + (-23)/(-1)?
4
Let w(d) = -7*d - 275. What is the remainder when w(-111) is divided by 39?
34
Suppose 118*f = 121*f - 564. Suppose 7*l - 650 = -f. What is the remainder when l is divided by 14?
10
Let y = -395 + 398. Suppose 0 = -y*v + 151 - 37. Calculate the remainder when 111 is divided by v.
35
Let j(h) = h**2 + 9*h - 21. Let m = 553 - 470. Calculate the remainder when j(14) is divided by m.
52
Suppose -14*x = -2146 + 452. Suppose 57 = 4*y - 67. Calculate the remainder when x is divided by y.
28
Let h(n) = -4*n**2 - 59*n - 127. What is the remainder when h(-5) is divided by 22?
2
Suppose -4181*f = -4115*f - 196944. What is the remainder when f is divided by 77?
58
Suppose -7*y = 64*o - 62*o - 425, 2*y = -4*o + 766. What is the remainder when 198 is divided by o?
10
Let m(i) = 4*i + 2. Let a be m(-4). Calculate the remainder when (-80)/(-2) - a/(-7) is divided by ((-6)/(-4))/((-1458)/(-120) - 12).
8
What is the remainder when (-1 - (-683)/(-3))/((-3334)/5001) is divided by 131?
81
Let g be (-52)/14 - (-2)/(-7). Suppose -510 = -35*i + 190. Calculate the remainder when 1030/i - 2/g is divided by 14.
10
Suppose 3278 = 4*i + 5*b, 10*i - 81 = 4*b + 8147. What is the remainder when i is divided by 80?
22
Let m(x) = 17*x**2 + 24*x + 22. Let h be m(-6). Suppose -g = 2*t - 98, -t = -9*g + 4*g + h. Calculate the remainder when g is divided by 36.
26
Let p = 562 + -401. Suppose 154*k - p*k = -2114. What is the remainder when k is divided by 76?
74
Suppose 11*d = -9*d - 24*d + 12672. What is the remainder when 994 is divided by d?
130
Let l(g) = 40*g - 189. Let f be -10*5*(-1)/10. What is the remainder when 305 is divided by l(f)?
8
Suppose 5*a - 13*a + 14934 = 30*a. What is the remainder when a is divided by 4?
1
Let s(h) = -h**2 + 14*h + 3. Let z be s(12). Let f = 27333 + -27296. What is the remainder when f is divided by ((-4)/6)/((-2)/z)?
1
Let x(y) = -y**3 - 4*y**2 + 5*y + 15. Let f be x(-4). Let t(q) = -q**3 - 3*q**2 + 7*q + 12. What is the remainder when 75 is divided by t(f)?
21
Let d(z) = -19*z - 76. Let t be d(-4). Let q(m) = 11*m**2 - 4*m + 2. What is the remainder when q(2) is divided by (1027/(-79))/(t + -1)?
12
Suppose 0 = 5*n - 135 + 65. Calculate the remainder when -1 - 1885/10*-2 is divided by n.
12
Suppose s = 5*f - 893, 5*f - 3*s - 1130 = -231. What is the remainder when f is divided by 61?
56
What is the remainder when 350 is divided by (-12)/(-51) - 38881/(-1003)?
38
Suppose -5*f - 4*x = -2976, -f - 6*x + 8*x = -584. What is the remainder when f is divided by 162?
106
Suppose -4*i = 5*c + 10, -3*i - 6*c + 10 = -11*c. Calculate the remainder when 91 is divided by i + 1 + 49 + -2.
43
Suppose -o - j = -4*j + 10, 3*o + 2 = 2*j. Calculate the remainder when o + -1 + (126 - -2) is divided by 8*1/((-16)/(-6)) - -4 - -5.
9
Let l(h) = 53*h + 590. What is the remainder when l(-7) is divided by 33?
21
Let i be (-1)/((-1)/(-8)*-4). What is the remainder when 51 is divided by (-12 + 13)/(i*(-1)/(-42))?
9
Let d = 3 + -91. Let b = d - -217. What is the remainder when b is divided by 10?
9
Suppose 68 - 173 = 5*u. Let n be (2/(-3))/(7/u). Suppose n*v + 8 - 36 = 0. What is the remainder when v is divided by 3?
2
Let z(h) = 3*h + 24. Let w be z(4). Let d = w - 33. Suppose 3*m = d*o + 21, 2*m + 5*o = 4 + 10. Calculate the remainder when m is divided by 1.
0
Suppose 6*j - 429 = -399. Suppose -4*w = 5*n - 108, -j*n + 2*n - 2*w = -66. What is the remainder when n is divid